{"id":49,"date":"2017-08-10T10:54:48","date_gmt":"2017-08-10T10:54:48","guid":{"rendered":"http:\/\/academia-accionsinapsis.es\/academia\/?page_id=49"},"modified":"2019-09-15T14:11:08","modified_gmt":"2019-09-15T14:11:08","slug":"cursos-talleres","status":"publish","type":"page","link":"https:\/\/academia-accionsinapsis.es\/academia\/cursos-talleres\/","title":{"rendered":"Cursos y Talleres"},"content":{"rendered":"<p style=\"text-align: center;\">\n<blockquote class=\"wp-embedded-content\" data-secret=\"h2b0P9nsp6\"><p><a href=\"https:\/\/academia-accionsinapsis.es\/academia\/mindfulness-todos-tecnicas-relajacion-meditacion-ninos-adolescentes-adultos\/\">Mindfulness: T\u00e9cnicas de Relajaci\u00f3n y Meditaci\u00f3n<\/a><\/p><\/blockquote>\n<p><iframe class=\"wp-embedded-content\" sandbox=\"allow-scripts\" security=\"restricted\" style=\"position: absolute; clip: rect(1px, 1px, 1px, 1px);\" title=\"\u00abMindfulness: T\u00e9cnicas de Relajaci\u00f3n y Meditaci\u00f3n\u00bb \u2014 Material Academia Acci\u00f3n Sinapsis\" src=\"https:\/\/academia-accionsinapsis.es\/academia\/mindfulness-todos-tecnicas-relajacion-meditacion-ninos-adolescentes-adultos\/embed\/#?secret=h2b0P9nsp6\" data-secret=\"h2b0P9nsp6\" width=\"500\" height=\"282\" frameborder=\"0\" marginwidth=\"0\" marginheight=\"0\" scrolling=\"no\"><\/iframe><\/p>\n<blockquote class=\"wp-embedded-content\" data-secret=\"4IsYUaZE5T\"><p><a href=\"https:\/\/academia-accionsinapsis.es\/academia\/clases-recuperacion-refuerzo\/\">\u00a1EMPIEZA EL CURSO CON EL MEJOR APOYO!  Clases de Refuerzo para Primaria, E.S.O. y Bachillerato<\/a><\/p><\/blockquote>\n<p><iframe class=\"wp-embedded-content\" sandbox=\"allow-scripts\" security=\"restricted\" style=\"position: absolute; clip: rect(1px, 1px, 1px, 1px);\" title=\"\u00ab\u00a1EMPIEZA EL CURSO CON EL MEJOR APOYO!  Clases de Refuerzo para Primaria, E.S.O. y Bachillerato\u00bb \u2014 Material Academia Acci\u00f3n Sinapsis\" src=\"https:\/\/academia-accionsinapsis.es\/academia\/clases-recuperacion-refuerzo\/embed\/#?secret=4IsYUaZE5T\" data-secret=\"4IsYUaZE5T\" width=\"500\" height=\"282\" frameborder=\"0\" marginwidth=\"0\" marginheight=\"0\" scrolling=\"no\"><\/iframe><\/p>\n<blockquote class=\"wp-embedded-content\" data-secret=\"dXvwfBK1iF\"><p><a href=\"https:\/\/academia-accionsinapsis.es\/academia\/probando\/\">Taller de lectoescritura y lectura comprensiva<\/a><\/p><\/blockquote>\n<p><iframe class=\"wp-embedded-content\" sandbox=\"allow-scripts\" security=\"restricted\" style=\"position: absolute; clip: rect(1px, 1px, 1px, 1px);\" title=\"\u00abTaller de lectoescritura y lectura comprensiva\u00bb \u2014 Material Academia Acci\u00f3n Sinapsis\" src=\"https:\/\/academia-accionsinapsis.es\/academia\/probando\/embed\/#?secret=dXvwfBK1iF\" data-secret=\"dXvwfBK1iF\" width=\"500\" height=\"282\" frameborder=\"0\" marginwidth=\"0\" marginheight=\"0\" scrolling=\"no\"><\/iframe><\/p>\n<blockquote class=\"wp-embedded-content\" data-secret=\"BebFfQQguA\"><p><a href=\"https:\/\/academia-accionsinapsis.es\/academia\/taller-tecnicas-estudio-motivacion\/\">TALLER DE T\u00c9CNICAS DE ESTUDIO Y ESTRATEGIAS DE MOTIVACI\u00d3N<\/a><\/p><\/blockquote>\n<p><iframe class=\"wp-embedded-content\" sandbox=\"allow-scripts\" security=\"restricted\" style=\"position: absolute; clip: rect(1px, 1px, 1px, 1px);\" title=\"\u00abTALLER DE T\u00c9CNICAS DE ESTUDIO Y ESTRATEGIAS DE MOTIVACI\u00d3N\u00bb \u2014 Material Academia Acci\u00f3n Sinapsis\" src=\"https:\/\/academia-accionsinapsis.es\/academia\/taller-tecnicas-estudio-motivacion\/embed\/#?secret=BebFfQQguA\" data-secret=\"BebFfQQguA\" width=\"500\" height=\"282\" frameborder=\"0\" marginwidth=\"0\" marginheight=\"0\" scrolling=\"no\"><\/iframe><\/p>\n","protected":false},"excerpt":{"rendered":"<p>Mindfulness: T\u00e9cnicas de Relajaci\u00f3n y Meditaci\u00f3n \u00a1EMPIEZA EL CURSO CON EL MEJOR APOYO! Clases de Refuerzo para Primaria, E.S.O. y Bachillerato Taller de lectoescritura y lectura comprensiva TALLER DE T\u00c9CNICAS DE ESTUDIO Y ESTRATEGIAS DE MOTIVACI\u00d3N<\/p>\n","protected":false},"author":1,"featured_media":0,"parent":0,"menu_order":0,"comment_status":"closed","ping_status":"closed","template":"","meta":[],"yoast_head":"<!-- This site is optimized with the Yoast SEO plugin v15.3 - https:\/\/yoast.com\/wordpress\/plugins\/seo\/ -->\n<meta name=\"robots\" content=\"index, follow, max-snippet:-1, max-image-preview:large, max-video-preview:-1\" \/>\n<link rel=\"canonical\" href=\"https:\/\/academia-accionsinapsis.es\/academia\/cursos-talleres\/\" \/>\n<meta property=\"og:locale\" content=\"es_ES\" \/>\n<meta property=\"og:type\" content=\"article\" \/>\n<meta property=\"og:title\" content=\"Cursos y Talleres - Material Academia Acci\u00f3n Sinapsis\" \/>\n<meta property=\"og:description\" content=\"Mindfulness: T\u00e9cnicas de Relajaci\u00f3n y Meditaci\u00f3n \u00a1EMPIEZA EL CURSO CON EL MEJOR APOYO! Clases de Refuerzo para Primaria, E.S.O. y Bachillerato Taller de lectoescritura y lectura comprensiva TALLER DE T\u00c9CNICAS DE ESTUDIO Y ESTRATEGIAS DE MOTIVACI\u00d3N\" \/>\n<meta property=\"og:url\" content=\"https:\/\/academia-accionsinapsis.es\/academia\/cursos-talleres\/\" \/>\n<meta property=\"og:site_name\" content=\"Material Academia Acci\u00f3n Sinapsis\" \/>\n<meta property=\"article:modified_time\" content=\"2019-09-15T14:11:08+00:00\" \/>\n<meta name=\"twitter:card\" content=\"summary\" \/>\n<meta name=\"twitter:label1\" content=\"Escrito por\">\n\t<meta name=\"twitter:data1\" content=\"admin49\">\n\t<meta name=\"twitter:label2\" content=\"Tiempo de lectura\">\n\t<meta name=\"twitter:data2\" content=\"0 minutos\">\n<script type=\"application\/ld+json\" class=\"yoast-schema-graph\">{\"@context\":\"https:\/\/schema.org\",\"@graph\":[{\"@type\":\"WebSite\",\"@id\":\"https:\/\/academia-accionsinapsis.es\/academia\/#website\",\"url\":\"https:\/\/academia-accionsinapsis.es\/academia\/\",\"name\":\"Material Academia Acci\\u00f3n Sinapsis\",\"description\":\"Otro sitio realizado con WordPress\",\"potentialAction\":[{\"@type\":\"SearchAction\",\"target\":\"https:\/\/academia-accionsinapsis.es\/academia\/?s={search_term_string}\",\"query-input\":\"required name=search_term_string\"}],\"inLanguage\":\"es\"},{\"@type\":\"WebPage\",\"@id\":\"https:\/\/academia-accionsinapsis.es\/academia\/cursos-talleres\/#webpage\",\"url\":\"https:\/\/academia-accionsinapsis.es\/academia\/cursos-talleres\/\",\"name\":\"Cursos y Talleres - Material Academia Acci\\u00f3n Sinapsis\",\"isPartOf\":{\"@id\":\"https:\/\/academia-accionsinapsis.es\/academia\/#website\"},\"datePublished\":\"2017-08-10T10:54:48+00:00\",\"dateModified\":\"2019-09-15T14:11:08+00:00\",\"inLanguage\":\"es\",\"potentialAction\":[{\"@type\":\"ReadAction\",\"target\":[\"https:\/\/academia-accionsinapsis.es\/academia\/cursos-talleres\/\"]}]}]}<\/script>\n<!-- \/ Yoast SEO plugin. -->","_links":{"self":[{"href":"https:\/\/academia-accionsinapsis.es\/academia\/wp-json\/wp\/v2\/pages\/49"}],"collection":[{"href":"https:\/\/academia-accionsinapsis.es\/academia\/wp-json\/wp\/v2\/pages"}],"about":[{"href":"https:\/\/academia-accionsinapsis.es\/academia\/wp-json\/wp\/v2\/types\/page"}],"author":[{"embeddable":true,"href":"https:\/\/academia-accionsinapsis.es\/academia\/wp-json\/wp\/v2\/users\/1"}],"replies":[{"embeddable":true,"href":"https:\/\/academia-accionsinapsis.es\/academia\/wp-json\/wp\/v2\/comments?post=49"}],"version-history":[{"count":16,"href":"https:\/\/academia-accionsinapsis.es\/academia\/wp-json\/wp\/v2\/pages\/49\/revisions"}],"predecessor-version":[{"id":225,"href":"https:\/\/academia-accionsinapsis.es\/academia\/wp-json\/wp\/v2\/pages\/49\/revisions\/225"}],"wp:attachment":[{"href":"https:\/\/academia-accionsinapsis.es\/academia\/wp-json\/wp\/v2\/media?parent=49"}],"curies":[{"name":"wp","href":"https:\/\/api.w.org\/{rel}","templated":true}]}}